{"id":44,"date":"2024-02-04T08:47:41","date_gmt":"2024-02-04T08:47:41","guid":{"rendered":"https:\/\/gaussresearchgroup.uma.es\/?page_id=44"},"modified":"2024-02-06T18:25:39","modified_gmt":"2024-02-06T18:25:39","slug":"research-projects","status":"publish","type":"page","link":"https:\/\/gaussresearchgroup.uma.es\/index.php\/research-projects\/","title":{"rendered":"Research projects"},"content":{"rendered":"\n<div class=\"wp-block-group alignfull has-contrast-color has-base-background-color has-text-color has-background is-vertical is-layout-flex wp-container-core-group-is-layout-1f3ae5ce wp-block-group-is-layout-flex\" style=\"margin-top:var(--wp--preset--spacing--20);margin-bottom:var(--wp--preset--spacing--20);padding-top:0;padding-right:var(--wp--preset--spacing--60);padding-bottom:0;padding-left:var(--wp--preset--spacing--60)\">\n<figure class=\"wp-block-table is-style-stripes\" style=\"margin-top:var(--wp--preset--spacing--20);margin-bottom:var(--wp--preset--spacing--20);padding-top:0px;padding-right:var(--wp--preset--spacing--20);padding-bottom:0px;padding-left:var(--wp--preset--spacing--20)\"><table class=\"has-contrast-color has-text-color has-background has-link-color has-fixed-layout\" style=\"background-color:#c2a23080;border-style:none;border-width:0px\"><thead><tr><th>\u00c1lgebras de grafo y \u00e1lgebras no asociativas<\/th><\/tr><\/thead><tbody><tr><td>Financial institution: Junta de Andaluc\u00eda<\/td><\/tr><tr><td>Reference: FQM-7156<\/td><\/tr><tr><td>Duration: 2013-2018<\/td><\/tr><tr><td>Main researcher: Mercedes Siles Molina<\/td><\/tr><\/tbody><\/table><\/figure>\n<\/div>\n\n\n\n<div class=\"wp-block-group alignfull has-base-color has-base-background-color has-text-color has-background is-vertical is-content-justification-center is-layout-flex wp-container-core-group-is-layout-7efb3522 wp-block-group-is-layout-flex\" style=\"margin-top:var(--wp--preset--spacing--20);margin-bottom:var(--wp--preset--spacing--20);padding-top:var(--wp--preset--spacing--30);padding-right:var(--wp--preset--spacing--20);padding-bottom:var(--wp--preset--spacing--30);padding-left:var(--wp--preset--spacing--20)\">\n<figure class=\"wp-block-table is-style-stripes\" style=\"margin-top:0;margin-right:var(--wp--preset--spacing--60);margin-bottom:0;margin-left:var(--wp--preset--spacing--60)\"><table class=\"has-contrast-color has-base-2-background-color has-text-color has-background has-link-color has-fixed-layout\" style=\"border-style:none;border-width:0px\"><thead><tr><th>\u00c1lgebras, grafos y teor\u00eda de Lie. Sus interacciones<\/th><\/tr><\/thead><tbody><tr><td>Financial institution: Ministerio de Econom\u00eda y Competitividad<\/td><\/tr><tr><td>Reference: MTM2013-41208-P<\/td><\/tr><tr><td>Duration: 2014-2016<\/td><\/tr><tr><td>Main researcher: C\u00e1ndido Mart\u00edn Gonz\u00e1lez y Mercedes Siles Molina<\/td><\/tr><\/tbody><\/table><\/figure>\n<\/div>\n\n\n\n<div class=\"wp-block-group alignfull has-base-color has-base-background-color has-text-color has-background is-vertical is-layout-flex wp-container-core-group-is-layout-7e39f4d7 wp-block-group-is-layout-flex\" style=\"margin-top:var(--wp--preset--spacing--20);margin-bottom:var(--wp--preset--spacing--20);padding-top:var(--wp--preset--spacing--20);padding-right:var(--wp--preset--spacing--20);padding-bottom:var(--wp--preset--spacing--20);padding-left:var(--wp--preset--spacing--20)\">\n<figure class=\"wp-block-table is-style-stripes\" style=\"margin-top:0;margin-right:var(--wp--preset--spacing--60);margin-bottom:0;margin-left:var(--wp--preset--spacing--60)\"><table class=\"has-contrast-color has-text-color has-background has-link-color has-fixed-layout\" style=\"background-color:#c2a23080;border-style:none;border-width:0px\"><thead><tr><th>\u00c1lgebras, grafos y teor\u00eda de Lie. Sus interacciones<\/th><\/tr><\/thead><tbody><tr><td>Financial institution: Ministerio de Econom\u00eda y Competitividad<\/td><\/tr><tr><td>Reference: MTM2013-41208-P<\/td><\/tr><tr><td>Duration: 2014-2016<\/td><\/tr><tr><td>Main researcher: C\u00e1ndido Mart\u00edn Gonz\u00e1lez y Mercedes Siles Molina<\/td><\/tr><\/tbody><\/table><\/figure>\n<\/div>\n\n\n\n<div class=\"wp-block-group alignfull has-base-color has-base-background-color has-text-color has-background is-vertical is-layout-flex wp-container-core-group-is-layout-7e39f4d7 wp-block-group-is-layout-flex\" style=\"margin-top:var(--wp--preset--spacing--20);margin-bottom:var(--wp--preset--spacing--20);padding-top:var(--wp--preset--spacing--20);padding-right:var(--wp--preset--spacing--20);padding-bottom:var(--wp--preset--spacing--20);padding-left:var(--wp--preset--spacing--20)\">\n<figure class=\"wp-block-table is-style-stripes\" style=\"margin-top:0;margin-right:var(--wp--preset--spacing--60);margin-bottom:0;margin-left:var(--wp--preset--spacing--60)\"><table class=\"has-contrast-color has-base-2-background-color has-text-color has-background has-link-color has-fixed-layout\" style=\"border-style:none;border-width:0px\"><thead><tr><th>\u00c1lgebras de grafo, \u00c1lgebras de evoluci\u00f3n y estructuras de Lie<\/th><\/tr><\/thead><tbody><tr><td>Financial institution: Ministerio de Econom\u00eda y Competitividad<\/td><\/tr><tr><td>Reference: MTM2016-76327-C3-1-P<\/td><\/tr><tr><td>Duration: 2017-2019<\/td><\/tr><tr><td>Main researcher: C\u00e1ndido Mart\u00edn Gonz\u00e1lez y Mercedes Siles Molina<\/td><\/tr><\/tbody><\/table><\/figure>\n<\/div>\n\n\n\n<div class=\"wp-block-group alignfull has-base-color has-base-background-color has-text-color has-background is-vertical is-layout-flex wp-container-core-group-is-layout-7e39f4d7 wp-block-group-is-layout-flex\" style=\"margin-top:var(--wp--preset--spacing--20);margin-bottom:var(--wp--preset--spacing--20);padding-top:var(--wp--preset--spacing--20);padding-right:var(--wp--preset--spacing--20);padding-bottom:var(--wp--preset--spacing--20);padding-left:var(--wp--preset--spacing--20)\">\n<figure class=\"wp-block-table is-style-stripes\" style=\"margin-top:0;margin-right:var(--wp--preset--spacing--60);margin-bottom:0;margin-left:var(--wp--preset--spacing--60)\"><table class=\"has-contrast-color has-text-color has-background has-link-color has-fixed-layout\" style=\"background-color:#c2a23080;border-style:none;border-width:0px\"><thead><tr><th>\u00c1lgebras de evoluci\u00f3n, \u00e1lgebras de Lie y \u00e1lgebras de caminos de Leavitt. Conexiones con la biolog\u00eda, la geometr\u00eda y la f\u00edsica<\/th><\/tr><\/thead><tbody><tr><td>Financial institution: Programa Operativo FEDER Andaluc\u00eda 2014-2020<\/td><\/tr><tr><td>Reference: UMA18-FEDERJA-119<\/td><\/tr><tr><td>Duration: 2019-2021<\/td><\/tr><tr><td>Main researcher: Cristina Draper Fontanals<\/td><\/tr><\/tbody><\/table><\/figure>\n<\/div>\n\n\n\n<div class=\"wp-block-group alignfull has-base-color has-base-background-color has-text-color has-background is-vertical is-layout-flex wp-container-core-group-is-layout-7e39f4d7 wp-block-group-is-layout-flex\" style=\"margin-top:var(--wp--preset--spacing--20);margin-bottom:var(--wp--preset--spacing--20);padding-top:var(--wp--preset--spacing--20);padding-right:var(--wp--preset--spacing--20);padding-bottom:var(--wp--preset--spacing--20);padding-left:var(--wp--preset--spacing--20)\">\n<figure class=\"wp-block-table is-style-stripes\" style=\"margin-top:0;margin-right:var(--wp--preset--spacing--60);margin-bottom:0;margin-left:var(--wp--preset--spacing--60)\"><table class=\"has-contrast-color has-base-2-background-color has-text-color has-background has-link-color has-fixed-layout\" style=\"border-style:none;border-width:0px\"><thead><tr><th>\u00c1lgebras no conmutativas y de caminos de Leavitt. \u00c1lgebras de evoluci\u00f3n. Estructuras de Lie y variedades de Einstein<\/th><\/tr><\/thead><tbody><tr><td>Financial institution: Ministerio de Ciencia e Innovaci\u00f3n<\/td><\/tr><tr><td>Reference: PID2019-104236GB-I00<\/td><\/tr><tr><td>Duration: 2020-2023<\/td><\/tr><tr><td>Main researcher: C\u00e1ndido Mart\u00edn Gonz\u00e1lez<\/td><\/tr><\/tbody><\/table><\/figure>\n<\/div>\n","protected":false},"excerpt":{"rendered":"<p>\u00c1lgebras de grafo y \u00e1lgebras no asociativas Financial institution: Junta de Andaluc\u00eda Reference: FQM-7156 Duration: 2013-2018 Main researcher: Mercedes Siles Molina \u00c1lgebras, grafos y teor\u00eda de Lie. Sus interacciones Financial institution: Ministerio de Econom\u00eda y Competitividad Reference: MTM2013-41208-P Duration: 2014-2016 Main researcher: C\u00e1ndido Mart\u00edn Gonz\u00e1lez y Mercedes Siles Molina \u00c1lgebras, grafos y teor\u00eda de Lie. [&hellip;]<\/p>\n","protected":false},"author":1,"featured_media":0,"parent":0,"menu_order":0,"comment_status":"closed","ping_status":"closed","template":"page-no-title","meta":{"footnotes":""},"class_list":["post-44","page","type-page","status-publish","hentry"],"_links":{"self":[{"href":"https:\/\/gaussresearchgroup.uma.es\/index.php\/wp-json\/wp\/v2\/pages\/44","targetHints":{"allow":["GET"]}}],"collection":[{"href":"https:\/\/gaussresearchgroup.uma.es\/index.php\/wp-json\/wp\/v2\/pages"}],"about":[{"href":"https:\/\/gaussresearchgroup.uma.es\/index.php\/wp-json\/wp\/v2\/types\/page"}],"author":[{"embeddable":true,"href":"https:\/\/gaussresearchgroup.uma.es\/index.php\/wp-json\/wp\/v2\/users\/1"}],"replies":[{"embeddable":true,"href":"https:\/\/gaussresearchgroup.uma.es\/index.php\/wp-json\/wp\/v2\/comments?post=44"}],"version-history":[{"count":13,"href":"https:\/\/gaussresearchgroup.uma.es\/index.php\/wp-json\/wp\/v2\/pages\/44\/revisions"}],"predecessor-version":[{"id":157,"href":"https:\/\/gaussresearchgroup.uma.es\/index.php\/wp-json\/wp\/v2\/pages\/44\/revisions\/157"}],"wp:attachment":[{"href":"https:\/\/gaussresearchgroup.uma.es\/index.php\/wp-json\/wp\/v2\/media?parent=44"}],"curies":[{"name":"wp","href":"https:\/\/api.w.org\/{rel}","templated":true}]}}